{"id":1510,"date":"2015-10-23T05:43:07","date_gmt":"2015-10-23T07:43:07","guid":{"rendered":"http:\/\/matolimpiados.mif\/matematikosolimpiados\/?page_id=6"},"modified":"2025-05-30T16:37:02","modified_gmt":"2025-05-30T13:37:02","slug":"pradzia","status":"publish","type":"page","link":"https:\/\/www4352.vu.lt\/matematikos-olimpiados\/","title":{"rendered":"Apie mus"},"content":{"rendered":"<p>Lietuvoje vyksta daug matematikos konkurs\u0173, kuriuos organizuoja VU Matematikos ir informatikos fakultetas arba kuriuos organizuoti padeda fakulteto mokslininkai. \u010cia rasite daugelio j\u0173 u\u017eduotis, sprendimus, rezultatus, taip pat bendr\u0105 informacij\u0105 bei naujienas.<\/p>\n<ul>\n<li><span class=\"internal-link\"><a href=\"https:\/\/mif.vu.lt\/matematikos-olimpiados\/?page_id=58\">Lietuvos komandin\u0117 mokini\u0173 matematikos olimpiada prof. Jono Kubiliaus taurei laim\u0117ti<\/a><\/span><\/li>\n<li><span class=\"internal-link\"><a href=\"https:\/\/mif.vu.lt\/matematikos-olimpiados\/?page_id=112\">Lietuvos 5\u20136 ir 7\u20138 klasi\u0173 mokini\u0173 matematikos olimpiados<\/a><\/span><\/li>\n<li><a href=\"https:\/\/mif.vu.lt\/matematikos-olimpiados\/mif\/\">VU MIF matematikos olimpiada<\/a><\/li>\n<li><span class=\"internal-link\"><a href=\"https:\/\/mif.vu.lt\/matematikos-olimpiados\/?page_id=170\">Lietuvos mokini\u0173 matematikos olimpiada<\/a><\/span><\/li>\n<li><span class=\"internal-link\"><a href=\"https:\/\/www4352.vu.lt\/matematikos-olimpiados\/atrankos\/\">Atrankos \u012f Pasaulin\u0119, Vidurio Europos ir \u201eBaltijos kelio\u201c olimpiadas<\/a><\/span><\/li>\n<li><span class=\"internal-link\"><a href=\"https:\/\/mif.vu.lt\/matematikos-olimpiados\/?page_id=249\">MIF student\u0173 matematikos olimpiada<\/a><\/span><\/li>\n<li><span class=\"internal-link\"><a href=\"https:\/\/mif.vu.lt\/matematikos-olimpiados\/?page_id=281\">Regionin\u0117s olimpiados:<\/a><\/span>\n<ul>\n<li><span class=\"internal-link\"><a href=\"https:\/\/mif.vu.lt\/matematikos-olimpiados\/?page_id=283\">Pasvalio kra\u0161to komandin\u0117 matematikos olimpiada profesoriaus Broniaus Grigelionio taurei laim\u0117ti<\/a><\/span><\/li>\n<li><span class=\"internal-link\"><a href=\"https:\/\/mif.vu.lt\/matematikos-olimpiados\/?page_id=342\">Raseini\u0173 kra\u0161to olimpiada profesoriaus Jono Kubiliaus taurei laim\u0117ti<\/a><\/span><\/li>\n<li><a href=\"https:\/\/mif.vu.lt\/matematikos-olimpiados\/?page_id=413\"><span class=\"internal-link\">Alytaus apskrities komandin\u0117 matematikos olimpiada mokytojo Kazio Klimavi\u010diaus taurei laim\u0117ti<\/span><\/a><\/li>\n<li><span class=\"internal-link\"><a href=\"https:\/\/mif.vu.lt\/matematikos-olimpiados\/?page_id=442\">S\u016bduvos kra\u0161to gimnazij\u0173 matematikos olimpiada<\/a><\/span><\/li>\n<li><span class=\"internal-link\"><a href=\"https:\/\/mif.vu.lt\/matematikos-olimpiados\/?page_id=368\">kitos olimpiados<\/a><\/span><\/li>\n<\/ul>\n<\/li>\n<li><a href=\"https:\/\/kengura.lt\">Tarptautinis konkursas \u201eKeng\u016bra\u201c<\/a><\/li>\n<li><a href=\"https:\/\/mif.vu.lt\/matematikos-olimpiados\/ljmm\/\"><span class=\"external-link\">Lietuvos jaun\u0173j\u0173 matematik\u0173 mokykla<\/span><\/a><\/li>\n<li>Naudingas olimpin\u0117s matematikos \u0161altinis: <a href=\"https:\/\/www4352.vu.lt\/matematikos-olimpiados\/wp-content\/uploads\/2015\/10\/matknyga.pdf\">\u201eMatematikos knyga\u201c<\/a><\/li>\n<\/ul>\n","protected":false},"excerpt":{"rendered":"<p>Lietuvoje vyksta daug matematikos konkurs\u0173, kuriuos organizuoja VU Matematikos ir informatikos fakultetas arba kuriuos organizuoti padeda fakulteto mokslininkai. \u010cia rasite daugelio j\u0173 u\u017eduotis, sprendimus, rezultatus, taip pat bendr\u0105 informacij\u0105 bei naujienas. Lietuvos komandin\u0117 mokini\u0173 matematikos olimpiada prof. Jono Kubiliaus taurei laim\u0117ti Lietuvos 5\u20136 ir 7\u20138 klasi\u0173 mokini\u0173 matematikos olimpiados VU MIF matematikos olimpiada Lietuvos mokini\u0173 [&hellip;]<\/p>\n","protected":false},"author":1,"featured_media":0,"parent":0,"menu_order":0,"comment_status":"closed","ping_status":"closed","template":"","meta":{"footnotes":""},"class_list":["post-1510","page","type-page","status-publish","hentry"],"_links":{"self":[{"href":"https:\/\/www4352.vu.lt\/matematikos-olimpiados\/wp-json\/wp\/v2\/pages\/1510","targetHints":{"allow":["GET"]}}],"collection":[{"href":"https:\/\/www4352.vu.lt\/matematikos-olimpiados\/wp-json\/wp\/v2\/pages"}],"about":[{"href":"https:\/\/www4352.vu.lt\/matematikos-olimpiados\/wp-json\/wp\/v2\/types\/page"}],"author":[{"embeddable":true,"href":"https:\/\/www4352.vu.lt\/matematikos-olimpiados\/wp-json\/wp\/v2\/users\/1"}],"replies":[{"embeddable":true,"href":"https:\/\/www4352.vu.lt\/matematikos-olimpiados\/wp-json\/wp\/v2\/comments?post=1510"}],"version-history":[{"count":11,"href":"https:\/\/www4352.vu.lt\/matematikos-olimpiados\/wp-json\/wp\/v2\/pages\/1510\/revisions"}],"predecessor-version":[{"id":1993,"href":"https:\/\/www4352.vu.lt\/matematikos-olimpiados\/wp-json\/wp\/v2\/pages\/1510\/revisions\/1993"}],"wp:attachment":[{"href":"https:\/\/www4352.vu.lt\/matematikos-olimpiados\/wp-json\/wp\/v2\/media?parent=1510"}],"curies":[{"name":"wp","href":"https:\/\/api.w.org\/{rel}","templated":true}]}}