{"id":1861,"date":"2024-11-23T14:58:30","date_gmt":"2024-11-23T12:58:30","guid":{"rendered":"https:\/\/www4352.vu.lt\/matematikos-olimpiados\/?page_id=1861"},"modified":"2026-05-02T13:51:52","modified_gmt":"2026-05-02T10:51:52","slug":"atrankos","status":"publish","type":"page","link":"https:\/\/www4352.vu.lt\/matematikos-olimpiados\/atrankos\/","title":{"rendered":"Atrankos"},"content":{"rendered":"<p>\u012evykus 74-ajai Lietuvos mokini\u0173 matematikos <a href=\"https:\/\/mif.vu.lt\/matematikos-olimpiados\/lmmo\/\">olimpiadai<\/a>, mokiniai, surink\u0119 <strong>ne ma\u017eiau nei 19 ta\u0161k\u0173 9-10 klasi\u0173 kategorijoje arba ne ma\u017eiau nei 13 ta\u0161k\u0173 11-12 klasi\u0173 kategorijoje<\/strong>, kvie\u010diami dalyvauti atrankoje \u012f 2026 m. Pasaulin\u0119 matematikos olimpiad\u0105 (mokini\u0173 s\u0105ra\u0161as <a href=\"https:\/\/www4352.vu.lt\/matematikos-olimpiados\/wp-content\/uploads\/2026\/04\/IMOatranka2026.pdf\">\u010dia<\/a>). Atranka vyks Line\u0161oje,\u00a0\u017dirm\u016bn\u0173 g. 1B, <strong>m\u0117lynojoje sal\u0117je gegu\u017e\u0117s 1 d. (10:30\u201315:00) ir gegu\u017e\u0117s 2 d. (9:00\u201313:30)<\/strong>. Apeliacijos vyks gegu\u017e\u0117s 2 d. 14:45\u201317:00, m\u0117lynojoje sal\u0117je.<\/p>\n<p>Pavasar\u012f mokiniai, geriausiai pasirod\u0119 <i><b><a href=\"https:\/\/mif.vu.lt\/matematikos-olimpiados\/?page_id=170\">Lietuvos olimpiadoje<\/a><\/b><\/i>, dalyvauja atrankose \u012f <i><b><a class=\"external-link\" href=\"https:\/\/www.imo-official.org\/\" target=\"_blank\" rel=\"noopener noreferrer\">Pasaulin\u0119<\/a> (IMO)<\/b><\/i> ir <i><b>Vidurio Europos (MEMO) olimpiadas<\/b><\/i>. Vasar\u0105 Pasaulin\u0117je olimpiadoje sudalyvauja 6 geriausieji. Vasaros pabaigoje ar rudens prad\u017eioje \u012f Vidurio Europos olimpiad\u0105 vyksta 6 geriausi mokiniai, tais metais nepatek\u0119 \u012f Pasaulin\u0119 olimpiad\u0105 ir ruden\u012f dar eisiantys \u012f mokykl\u0105. Pasaulin\u0117 olimpiada 2026 m. vyks \u0160anchajuje (Kinija) liepos 10\u201321 dienomis, Vidurio Europos olimpiada \u2013 Cel\u0117je (Slov\u0117nija) rugpj\u016b\u010dio 23\u201329 dienomis.<\/p>\n<p>Ruden\u012f atrankoje \u012f tarptautin\u012f matematin\u012f <strong>\u201eBaltijos kelio\u201c<\/strong> konkurs\u0105 dalyvauja <strong><em><a href=\"https:\/\/mif.vu.lt\/matematikos-olimpiados\/?page_id=58\">Lietuvos komandin\u0117je olimpiadoje<\/a> <\/em><\/strong>geriausiai pasirod\u017eiusi\u0173 komand\u0173 deleguoti nariai. Atrenkami 5 geriausieji. Nuo 2009 iki 2023 m. kit\u0105 dien\u0105 po Komandin\u0117s olimpiados vyko matematin\u0117s <i><b>var\u017eybos Lietuvos Did\u017eiosios Kunigaik\u0161tyst\u0117s garbei<\/b><\/i>, jos ir buvo atrankin\u0117s \u012f \u201eBaltijos kelio\u201c konkurs\u0105.<\/p>\n<h3><strong>Atranka \u012f Pasaulin\u0119 ir Vidurio Europos matematikos olimpiadas<\/strong><\/h3>\n<p><strong>U\u017eduotys:<\/strong><\/p>\n<p><a href=\"https:\/\/www4352.vu.lt\/matematikos-olimpiados\/wp-content\/uploads\/2026\/05\/atranka2026.pdf\">2026 m.<\/a>\u00a0 \u00a0 \u00a0<a href=\"https:\/\/www4352.vu.lt\/matematikos-olimpiados\/wp-content\/uploads\/2025\/09\/atranka2025.pdf\">2025 m.<\/a>\u00a0 \u00a0 \u00a0<a href=\"https:\/\/www4352.vu.lt\/matematikos-olimpiados\/wp-content\/uploads\/2024\/04\/atranka2024.pdf\">2024 m.<\/a>\u00a0 \u00a0 \u00a0<a href=\"https:\/\/www4352.vu.lt\/matematikos-olimpiados\/wp-content\/uploads\/2023\/05\/atranka2023.pdf\">2023 m.<\/a> \u00a0 \u00a0 <a href=\"https:\/\/www4352.vu.lt\/matematikos-olimpiados\/wp-content\/uploads\/2022\/04\/atranka2022.pdf\">2022 m.<\/a>\u00a0 \u00a0\u00a0 <a href=\"https:\/\/www4352.vu.lt\/matematikos-olimpiados\/wp-content\/uploads\/2019\/04\/atranka2019.pdf\">2019 m.<\/a>\u00a0\u00a0\u00a0\u00a0 <a href=\"https:\/\/www4352.vu.lt\/matematikos-olimpiados\/wp-content\/uploads\/2018\/05\/atranka2018.pdf\">2018 m.<\/a>\u00a0\u00a0\u00a0 <a href=\"https:\/\/www4352.vu.lt\/matematikos-olimpiados\/wp-content\/uploads\/2015\/11\/atranka2017.pdf\">2017 m.<\/a> \u00a0\u00a0\u00a0 <a href=\"https:\/\/www4352.vu.lt\/matematikos-olimpiados\/wp-content\/uploads\/2015\/11\/atranka2016.pdf\" rel=\"\">2016 m.<\/a> \u00a0\u00a0\u00a0 <a href=\"https:\/\/www4352.vu.lt\/matematikos-olimpiados\/wp-content\/uploads\/2015\/11\/atranka2015.pdf\">2015 m.<\/a>\u00a0\u00a0\u00a0\u00a0 <a href=\"https:\/\/www4352.vu.lt\/matematikos-olimpiados\/wp-content\/uploads\/2015\/11\/atranka2014.pdf\">2014 m.<\/a> \u00a0\u00a0\u00a0 <a href=\"https:\/\/www4352.vu.lt\/matematikos-olimpiados\/wp-content\/uploads\/2015\/11\/atranka2013.pdf\">2013 m.<\/a> \u00a0\u00a0\u00a0 <a href=\"https:\/\/www4352.vu.lt\/matematikos-olimpiados\/wp-content\/uploads\/2015\/11\/atranka2012.pdf\">2012 m.<\/a> \u00a0\u00a0\u00a0 <a href=\"https:\/\/www4352.vu.lt\/matematikos-olimpiados\/wp-content\/uploads\/2015\/11\/atranka2011.pdf\">2011 m.<\/a> \u00a0\u00a0\u00a0 <a href=\"https:\/\/www4352.vu.lt\/matematikos-olimpiados\/wp-content\/uploads\/2015\/11\/atranka2010.pdf\">2010 m.<\/a> \u00a0\u00a0\u00a0 <a href=\"https:\/\/www4352.vu.lt\/matematikos-olimpiados\/wp-content\/uploads\/2015\/11\/atranka2009.pdf\">2009 m.<\/a> \u00a0\u00a0\u00a0 <a href=\"https:\/\/www4352.vu.lt\/matematikos-olimpiados\/wp-content\/uploads\/2015\/11\/atranka2008.pdf\">2008 m.<\/a><\/p>\n<p><strong>Sprendimai:<\/strong><\/p>\n<p><a href=\"https:\/\/www4352.vu.lt\/matematikos-olimpiados\/wp-content\/uploads\/2026\/05\/atranka2026spr.pdf\">2026 m.<\/a> \u00a0 \u00a0<a href=\"https:\/\/www4352.vu.lt\/matematikos-olimpiados\/wp-content\/uploads\/2025\/09\/atranka2025spr.pdf\">2025 m.<\/a>\u00a0 \u00a0\u00a0 <a href=\"https:\/\/www4352.vu.lt\/matematikos-olimpiados\/wp-content\/uploads\/2024\/04\/atranka2024spr.pdf\">2024 m.<\/a>\u00a0 \u00a0 \u00a0<a href=\"https:\/\/www4352.vu.lt\/matematikos-olimpiados\/wp-content\/uploads\/2023\/05\/atranka2023spr.pdf\">2023 m.<\/a> \u00a0 \u00a0 <a href=\"https:\/\/www4352.vu.lt\/matematikos-olimpiados\/wp-content\/uploads\/2022\/04\/atranka2022spr.pdf\">2022 m.<\/a>\u00a0 \u00a0 \u00a0<a href=\"https:\/\/www4352.vu.lt\/matematikos-olimpiados\/wp-content\/uploads\/2019\/04\/atranka2019spr.pdf\">2019 m.<\/a>\u00a0\u00a0\u00a0\u00a0 <a href=\"https:\/\/www4352.vu.lt\/matematikos-olimpiados\/wp-content\/uploads\/2018\/05\/atranka2018spr.pdf\">2018 m.<\/a>\u00a0\u00a0\u00a0 <a href=\"https:\/\/www4352.vu.lt\/matematikos-olimpiados\/wp-content\/uploads\/2015\/11\/atranka2017spr.pdf\">2017 m.<\/a>\u00a0\u00a0\u00a0\u00a0 <a href=\"https:\/\/www4352.vu.lt\/matematikos-olimpiados\/wp-content\/uploads\/2015\/11\/atranka2016spr.pdf\" rel=\"\">2016 m.<\/a>\u00a0\u00a0\u00a0\u00a0 <a href=\"https:\/\/www4352.vu.lt\/matematikos-olimpiados\/wp-content\/uploads\/2015\/11\/atranka2015spr.pdf\">2015 m.<\/a><\/p>\n<p><strong>Rezultatai:<\/strong><\/p>\n<p><a href=\"https:\/\/www4352.vu.lt\/matematikos-olimpiados\/wp-content\/uploads\/2025\/05\/atranka25rez.pdf\">2025 m.<\/a>\u00a0 \u00a0 \u00a0<a href=\"https:\/\/www4352.vu.lt\/matematikos-olimpiados\/wp-content\/uploads\/2024\/09\/atranka24rez.pdf\">2024 m.<\/a>\u00a0 \u00a0 \u00a0<a href=\"https:\/\/www4352.vu.lt\/matematikos-olimpiados\/wp-content\/uploads\/2023\/05\/atranka23rez.pdf\">2023 m.<\/a>\u00a0 \u00a0 \u00a0<a href=\"https:\/\/www4352.vu.lt\/matematikos-olimpiados\/wp-content\/uploads\/2022\/04\/atranka22rez.pdf\">2022 m.<\/a>\u00a0 \u00a0 \u00a0<a href=\"https:\/\/www4352.vu.lt\/matematikos-olimpiados\/wp-content\/uploads\/2019\/04\/atranka19rez.pdf\">2019 m.<\/a>\u00a0\u00a0\u00a0\u00a0 <a href=\"https:\/\/www4352.vu.lt\/matematikos-olimpiados\/wp-content\/uploads\/2018\/05\/atranka18rez.pdf\">2018 m.<\/a>\u00a0\u00a0 \u00a0 <a href=\"https:\/\/www4352.vu.lt\/matematikos-olimpiados\/wp-content\/uploads\/2015\/11\/atranka17rez.pdf\">2017 m.<\/a> \u00a0\u00a0\u00a0 <a href=\"https:\/\/www4352.vu.lt\/matematikos-olimpiados\/wp-content\/uploads\/2015\/11\/atranka16rez.pdf\" rel=\"\">2016 m.<\/a>\u00a0\u00a0\u00a0\u00a0 <a href=\"https:\/\/www4352.vu.lt\/matematikos-olimpiados\/wp-content\/uploads\/2015\/11\/atranka15rez.pdf\">2015 m.<\/a>\u00a0\u00a0\u00a0\u00a0 <a href=\"https:\/\/www4352.vu.lt\/matematikos-olimpiados\/wp-content\/uploads\/2015\/11\/atranka14rez.pdf\">2014 m.<\/a> \u00a0\u00a0\u00a0 <a href=\"https:\/\/www4352.vu.lt\/matematikos-olimpiados\/wp-content\/uploads\/2015\/11\/atranka13rez.pdf\">2013 m.<\/a> \u00a0\u00a0\u00a0 <a href=\"https:\/\/www4352.vu.lt\/matematikos-olimpiados\/wp-content\/uploads\/2023\/05\/atranka12rez.pdf\">2012 m.<\/a>\u00a0\u00a0\u00a0\u00a0 <a href=\"https:\/\/www4352.vu.lt\/matematikos-olimpiados\/wp-content\/uploads\/2023\/05\/atranka11rez.pdf\">2011 m.<\/a>\u00a0\u00a0\u00a0\u00a0 <a href=\"https:\/\/www4352.vu.lt\/matematikos-olimpiados\/wp-content\/uploads\/2023\/05\/atranka10rez.pdf\">2010 m.<\/a>\u00a0\u00a0\u00a0\u00a0 <a href=\"https:\/\/www4352.vu.lt\/matematikos-olimpiados\/wp-content\/uploads\/2015\/11\/atranka09rez.pdf\">2009 m.<\/a><\/p>\n<h3><strong>Atranka \u012f matematin\u012f \u201eBaltijos kelio\u201c konkurs\u0105<\/strong><\/h3>\n<p><strong>U\u017eduotys:<\/strong><\/p>\n<p><a href=\"https:\/\/www4352.vu.lt\/matematikos-olimpiados\/wp-content\/uploads\/2025\/09\/bw_atranka25.pdf\">2025 m.<\/a>\u00a0 \u00a0 \u00a0<a href=\"https:\/\/www4352.vu.lt\/matematikos-olimpiados\/wp-content\/uploads\/2024\/09\/LDK2024.pdf\">2024 m.<\/a>\u00a0 \u00a0 \u00a0<a href=\"https:\/\/www4352.vu.lt\/matematikos-olimpiados\/wp-content\/uploads\/2023\/10\/LDK2023.pdf\">2023 m.<\/a>\u00a0 \u00a0 \u00a0<a href=\"https:\/\/www4352.vu.lt\/matematikos-olimpiados\/wp-content\/uploads\/2022\/09\/LDK2022.pdf\">2022 m.<\/a>\u00a0 \u00a0 \u00a0<a href=\"https:\/\/www4352.vu.lt\/matematikos-olimpiados\/wp-content\/uploads\/2021\/10\/LDK2021.pdf\">2021 m.<\/a>\u00a0 \u00a0 \u00a0<a href=\"https:\/\/www4352.vu.lt\/matematikos-olimpiados\/wp-content\/uploads\/2020\/10\/LDK2020.pdf\">2020 m.<\/a>\u00a0\u00a0\u00a0\u00a0 <a href=\"https:\/\/www4352.vu.lt\/matematikos-olimpiados\/wp-content\/uploads\/2019\/09\/LDK2019.pdf\">2019 m.<\/a>\u00a0\u00a0\u00a0\u00a0 <a href=\"https:\/\/www4352.vu.lt\/matematikos-olimpiados\/wp-content\/uploads\/2018\/09\/LDK2018.pdf\">2018 m.<\/a>\u00a0\u00a0\u00a0\u00a0 <a href=\"https:\/\/www4352.vu.lt\/matematikos-olimpiados\/wp-content\/uploads\/2015\/11\/LDK2017.pdf\">2017 m.<\/a>\u00a0\u00a0\u00a0\u00a0 <a href=\"https:\/\/www4352.vu.lt\/matematikos-olimpiados\/wp-content\/uploads\/2015\/11\/LDK2016.pdf\">2016 m.<\/a> \u00a0\u00a0\u00a0<a href=\"https:\/\/www4352.vu.lt\/matematikos-olimpiados\/wp-content\/uploads\/2015\/11\/LDK2015.pdf\"> 2015 m.<\/a>\u00a0\u00a0\u00a0\u00a0\u00a0 <a href=\"https:\/\/www4352.vu.lt\/matematikos-olimpiados\/wp-content\/uploads\/2015\/11\/ldk2014.pdf\">2014 m.<\/a>\u00a0\u00a0\u00a0\u00a0\u00a0 <a href=\"https:\/\/www4352.vu.lt\/matematikos-olimpiados\/wp-content\/uploads\/2015\/11\/ldk2013.pdf\">2013 m.<\/a>\u00a0\u00a0\u00a0\u00a0\u00a0 <a href=\"https:\/\/www4352.vu.lt\/matematikos-olimpiados\/wp-content\/uploads\/2015\/11\/ldk2012.pdf\">2012 m.<\/a>\u00a0\u00a0\u00a0\u00a0\u00a0 <a href=\"https:\/\/www4352.vu.lt\/matematikos-olimpiados\/wp-content\/uploads\/2015\/11\/ldk2011.pdf\">2011 m.<\/a>\u00a0\u00a0\u00a0\u00a0\u00a0 <a href=\"https:\/\/www4352.vu.lt\/matematikos-olimpiados\/wp-content\/uploads\/2015\/11\/ldk2010.pdf\">2010 m.<\/a>\u00a0\u00a0\u00a0\u00a0\u00a0 <a href=\"https:\/\/www4352.vu.lt\/matematikos-olimpiados\/wp-content\/uploads\/2015\/11\/ldk2009.pdf\">2009 m.<\/a><\/p>\n<p><strong>Rezultatai:<\/strong><\/p>\n<p><a href=\"https:\/\/www4352.vu.lt\/matematikos-olimpiados\/wp-content\/uploads\/2018\/09\/ldkrez2018.pdf\">2018 m.<\/a>\u00a0\u00a0\u00a0\u00a0 <a href=\"https:\/\/www4352.vu.lt\/matematikos-olimpiados\/wp-content\/uploads\/2015\/11\/ldkrez2017.pdf\">2017 m.<\/a>\u00a0\u00a0\u00a0\u00a0 <a href=\"https:\/\/www4352.vu.lt\/matematikos-olimpiados\/wp-content\/uploads\/2015\/11\/ldkrez2016.pdf\">2016 m.<\/a>\u00a0\u00a0\u00a0<a href=\"https:\/\/www4352.vu.lt\/matematikos-olimpiados\/wp-content\/uploads\/2015\/11\/ldkrez2015.pdf\"> 2015 m.<\/a>\u00a0\u00a0\u00a0\u00a0 <a href=\"https:\/\/www4352.vu.lt\/matematikos-olimpiados\/wp-content\/uploads\/2015\/11\/ldkrez2014.pdf\">2014 m.<\/a>\u00a0\u00a0\u00a0\u00a0 <a href=\"https:\/\/www4352.vu.lt\/matematikos-olimpiados\/wp-content\/uploads\/2015\/11\/ldkrez2013.pdf\">2013 m.<\/a>\u00a0\u00a0\u00a0\u00a0 <a href=\"https:\/\/www4352.vu.lt\/matematikos-olimpiados\/wp-content\/uploads\/2015\/11\/ldkrez2012.pdf\">2012 m.<\/a>\u00a0\u00a0\u00a0\u00a0 <a href=\"https:\/\/www4352.vu.lt\/matematikos-olimpiados\/wp-content\/uploads\/2015\/11\/ldkrez2011.pdf\">2011 m.<\/a>\u00a0\u00a0\u00a0\u00a0 <a href=\"https:\/\/www4352.vu.lt\/matematikos-olimpiados\/wp-content\/uploads\/2015\/11\/ldkrez2010.pdf\">2010 m.<\/a>\u00a0\u00a0\u00a0\u00a0 <a href=\"https:\/\/www4352.vu.lt\/matematikos-olimpiados\/wp-content\/uploads\/2015\/11\/ldkrez2009.pdf\">2009 m.<\/a><\/p>\n<p><strong>Sprendimai:<\/strong><\/p>\n<p><a href=\"https:\/\/www4352.vu.lt\/matematikos-olimpiados\/wp-content\/uploads\/2025\/09\/bw_atranka25s.pdf\">2025 m.<\/a>\u00a0 \u00a0 \u00a0<a href=\"https:\/\/www4352.vu.lt\/matematikos-olimpiados\/wp-content\/uploads\/2024\/09\/LDK2024s.pdf\">2024 m.<\/a>\u00a0 \u00a0 \u00a0<a href=\"https:\/\/www4352.vu.lt\/matematikos-olimpiados\/wp-content\/uploads\/2023\/10\/LDK2023s.pdf\">2023 m.<\/a>\u00a0 \u00a0 \u00a0<a href=\"https:\/\/www4352.vu.lt\/matematikos-olimpiados\/wp-content\/uploads\/2022\/10\/LDK2022s.pdf\">2022 m.<\/a>\u00a0 \u00a0\u00a0 <a href=\"https:\/\/www4352.vu.lt\/matematikos-olimpiados\/wp-content\/uploads\/2021\/10\/LDK2021s.pdf\">2021 m.<\/a>\u00a0 \u00a0 \u00a0<a href=\"https:\/\/www4352.vu.lt\/matematikos-olimpiados\/wp-content\/uploads\/2020\/10\/LDK2020s.pdf\">2020 m.<\/a>\u00a0\u00a0\u00a0\u00a0 <a href=\"https:\/\/www4352.vu.lt\/matematikos-olimpiados\/wp-content\/uploads\/2019\/09\/LDK2019s.pdf\">2019 m.<\/a>\u00a0\u00a0\u00a0\u00a0 <a href=\"https:\/\/www4352.vu.lt\/matematikos-olimpiados\/wp-content\/uploads\/2018\/10\/LDK2018s.pdf\">2018 m.<\/a>\u00a0\u00a0\u00a0\u00a0 <a href=\"https:\/\/www4352.vu.lt\/matematikos-olimpiados\/wp-content\/uploads\/2015\/11\/LDK2017s.pdf\">2017 m.<\/a> \u00a0\u00a0\u00a0 <a href=\"https:\/\/www4352.vu.lt\/matematikos-olimpiados\/wp-content\/uploads\/2015\/11\/LDK2016s.pdf\">2016 m.<\/a>\u00a0\u00a0 \u00a0<a href=\"http:\/\/mif.vu.lt\/matematikos-olimpiados\/wp-content\/uploads\/2023\/05\/LDK2015s.pdf\"> 2015 m.<\/a> \u00a0 \u00a0 <a href=\"https:\/\/www4352.vu.lt\/matematikos-olimpiados\/wp-content\/uploads\/2015\/11\/LDK2014s.pdf\">2014 m.<\/a>\u00a0 \u00a0 \u00a0 <a href=\"https:\/\/www4352.vu.lt\/matematikos-olimpiados\/wp-content\/uploads\/2015\/11\/LDK2013s.pdf\">2013 m.<\/a><\/p>\n","protected":false},"excerpt":{"rendered":"<p>\u012evykus 74-ajai Lietuvos mokini\u0173 matematikos olimpiadai, mokiniai, surink\u0119 ne ma\u017eiau nei 19 ta\u0161k\u0173 9-10 klasi\u0173 kategorijoje arba ne ma\u017eiau nei 13 ta\u0161k\u0173 11-12 klasi\u0173 kategorijoje, kvie\u010diami dalyvauti atrankoje \u012f 2026 m. Pasaulin\u0119 matematikos olimpiad\u0105 (mokini\u0173 s\u0105ra\u0161as \u010dia). Atranka vyks Line\u0161oje,\u00a0\u017dirm\u016bn\u0173 g. 1B, m\u0117lynojoje sal\u0117je gegu\u017e\u0117s 1 d. (10:30\u201315:00) ir gegu\u017e\u0117s 2 d. (9:00\u201313:30). Apeliacijos vyks [&hellip;]<\/p>\n","protected":false},"author":3,"featured_media":0,"parent":0,"menu_order":0,"comment_status":"closed","ping_status":"closed","template":"","meta":{"footnotes":""},"class_list":["post-1861","page","type-page","status-publish","hentry"],"_links":{"self":[{"href":"https:\/\/www4352.vu.lt\/matematikos-olimpiados\/wp-json\/wp\/v2\/pages\/1861","targetHints":{"allow":["GET"]}}],"collection":[{"href":"https:\/\/www4352.vu.lt\/matematikos-olimpiados\/wp-json\/wp\/v2\/pages"}],"about":[{"href":"https:\/\/www4352.vu.lt\/matematikos-olimpiados\/wp-json\/wp\/v2\/types\/page"}],"author":[{"embeddable":true,"href":"https:\/\/www4352.vu.lt\/matematikos-olimpiados\/wp-json\/wp\/v2\/users\/3"}],"replies":[{"embeddable":true,"href":"https:\/\/www4352.vu.lt\/matematikos-olimpiados\/wp-json\/wp\/v2\/comments?post=1861"}],"version-history":[{"count":26,"href":"https:\/\/www4352.vu.lt\/matematikos-olimpiados\/wp-json\/wp\/v2\/pages\/1861\/revisions"}],"predecessor-version":[{"id":2118,"href":"https:\/\/www4352.vu.lt\/matematikos-olimpiados\/wp-json\/wp\/v2\/pages\/1861\/revisions\/2118"}],"wp:attachment":[{"href":"https:\/\/www4352.vu.lt\/matematikos-olimpiados\/wp-json\/wp\/v2\/media?parent=1861"}],"curies":[{"name":"wp","href":"https:\/\/api.w.org\/{rel}","templated":true}]}}